f 1348?
1
What is the units digit of 28144?
4
What is the tens digit of 40644?
4
What is the units digit of 2013938?
8
What is the hundreds digit of 9661756?
7
What is the hundred thousands digit of 181675?
1
What is the hundred thousands digit of 120317?
1
What is the millions digit of 1041330?
1
What is the hundreds digit of 275233?
2
What is the thousands digit of 6271223?
1
What is the hundred thousands digit of 6117727?
1
What is the thousands digit of 84352?
4
What is the units digit of 401828?
8
What is the tens digit of 20117?
1
What is the ten thousands digit of 12720883?
2
What is the tens digit of 17682337?
3
What is the thousands digit of 4794317?
4
What is the units digit of 254345?
5
What is the ten thousands digit of 17460246?
6
What is the ten thousands digit of 2222066?
2
What is the hundreds digit of 71565?
5
What is the millions digit of 2244632?
2
What is the tens digit of 1061497?
9
What is the thousands digit of 57389?
7
What is the units digit of 249327?
7
What is the millions digit of 1651127?
1
What is the ten millions digit of 15706312?
1
What is the hundred thousands digit of 1628473?
6
What is the tens digit of 670814?
1
What is the thousands digit of 6185971?
5
What is the hundreds digit of 664619?
6
What is the hundreds digit of 2218790?
7
What is the millions digit of 2457482?
2
What is the units digit of 7507596?
6
What is the hundreds digit of 484231?
2
What is the hundred thousands digit of 15940043?
9
What is the hundreds digit of 770895?
8
What is the ten thousands digit of 403169?
0
What is the tens digit of 5222911?
1
What is the hundred thousands digit of 1643589?
6
What is the thousands digit of 4899310?
9
What is the ten thousands digit of 294810?
9
What is the hundreds digit of 152362?
3
What is the hundreds digit of 109295?
2
What is the hundred thousands digit of 257661?
2
What is the ten millions digit of 26020705?
2
What is the ten thousands digit of 6691960?
9
What is the thousands digit of 24874975?
4
What is the thousands digit of 4573054?
3
What is the tens digit of 100633?
3
What is the hundreds digit of 8892527?
5
What is the thousands digit of 302885?
2
What is the hundreds digit of 38780?
7
What is the millions digit of 11676178?
1
What is the hundred thousands digit of 7003149?
0
What is the hundred thousands digit of 1021396?
0
What is the hundred thousands digit of 374351?
3
What is the thousands digit of 414743?
4
What is the hundreds digit of 3274602?
6
What is the units digit of 10654721?
1
What is the hundreds digit of 23053756?
7
What is the millions digit of 3605834?
3
What is the hundred thousands digit of 434406?
4
What is the units digit of 1159354?
4
What is the thousands digit of 1021698?
1
What is the hundreds digit of 479065?
0
What is the units digit of 8264281?
1
What is the thousands digit of 936097?
6
What is the ten thousands digit of 2787670?
8
What is the ten thousands digit of 4647905?
4
What is the thousands digit of 91676?
1
What is the millions digit of 13600572?
3
What is the ten thousands digit of 316539?
1
What is the ten thousands digit of 216864?
1
What is the hundred thousands digit of 901722?
9
What is the thousands digit of 715924?
5
What is the tens digit of 5529171?
7
What is the hundreds digit of 24588717?
7
What is the millions digit of 22689558?
2
What is the units digit of 1228569?
9
What is the tens digit of 14471?
7
What is the ten thousands digit of 192381?
9
What is the ten thousands digit of 9243986?
4
What is the hundreds digit of 603483?
4
What is the units digit of 555251?
1
What is the thousands digit of 2977586?
7
What is the hundreds digit of 3224299?
2
What is the hundred thousands digit of 351630?
3
What is the ten thousands digit of 6201532?
0
What is the hundreds digit of 2239372?
3
What is the millions digit of 9588983?
9
What is the units digit of 813624?
4
What is the hundreds digit of 5656844?
8
What is the hundred thousands digit of 9986432?
9
What is the ten millions digit of 10893685?
1
What is the ten thousands digit of 11165588?
6
What is the ten thousands digit of 2122624?
2
What is the ten thousands digit of 69348?
6
What is the ten thousands digit of 38908?
3
What is the hundreds digit of 2866782?
7
What is the units digit of 566485?
5
What is the hundreds digit of 1400721?
7
What is the hundred thousands digit of 183528?
1
What is the hundreds digit of 3456085?
0
What is the millions digit of 6333870?
6
What is the tens digit of 291583?
8
What is the hundred thousands digit of 369701?
3
What is the ten thousands digit of 4743814?
4
What is the millions digit of 1290200?
1
What is the thousands digit of 333245?
3
What is the tens digit of 53005?
0
What is the thousands digit of 5317543?
7
What is the hundred thousands digit of 25278312?
2
What is the ten thousands digit of 12919640?
1
What is the hundreds digit of 5353883?
8
What is the ten thousands digit of 5640593?
4
What is the ten thousands digit of 469898?
6
What is the tens digit of 180741?
4
What is the tens digit of 572174?
7
What is the hundreds digit of 26292?
2
What is the hundreds digit of 101026?
0
What is the thousands digit of 157016?
7
What is the tens digit of 14140635?
3
What is the units digit of 5969416?
6
What is the ten thousands digit of 10044970?
4
What is the thousands digit of 61711?
1
What is the tens digit of 448259?
5
What is the units digit of 572015?
5
What is the tens digit of 6430228?
2
What is the tens digit of 62374?
7
What is the units digit of 1187825?
5
What is the millions digit of 1898846?
1
What is the hundred thousands digit of 19245576?
2
What is the thousands digit of 287975?
7
What is the units digit of 6193048?
8
What is the hundreds digit of 34096873?
8
What is the ten thousands digit of 98310?
9
What is the ten thousands digit of 422741?
2
What is the hundreds digit of 96881?
8
What is the hundred thousands digit of 382428?
3
What is the thousands digit of 1125439?
5
What is the ten thousands digit of 210449?
1
What is the thousands digit of 4568981?
8
What is the hundred thousands digit of 4712941?
7
What is the tens digit of 7369733?
3
What is the hundred thousands digit of 385702?
3
What is the hundreds digit of 220090?
0
What is the millions digit of 4409081?
4
What is the hundred thousands digit of 574784?
5
What is the ten thousands digit of 28635478?
3
What is the hundreds digit of 31135885?
8
What is the millions digit of 4609294?
4
What is the thousands digit of 1227159?
7
What is the ten thousands digit of 444294?
4
What is the units digit of 24690?
0
What is the units digit of 6681576?
6
What is the tens digit of 3391099?
9
What is the tens digit of 2425039?
3
What is the hundred thousands digit of 684401?
6
What is the hundred thousands digit of 7945722?
9
What is the hundreds digit of 1041178?
1
What is the units digit of 222714?
4
What is the hundred thousands digit of 481926?
4
What is the hundreds digit of 248944?
9
What is the tens digit of 5541251?
5
What is the hundred thousands digit of 304066?
3
What is the millions digit of 11838107?
1
What is the hundreds digit of 1939669?
6
What is the hundreds digit of 13500522?
5
What is the tens digit of 2943561?
6
What is the ten thousands digit of 16071992?
7
What is the tens digit of 645794?
9
What is the hundred thousands digit of 122674?
1
What is the ten millions digit of 12113250?
1
What is the tens digit of 1103951?
5
What is the millions digit of 1219971?
1
What is the hundred thousands digit of 24819289?
8
What is the hundred thousands digit of 6059451?
0
What is the hundreds digit of 5148771?
7
What is the ten thousands digit of 218050?
1
What is the hundreds digit of 26355?
3
What is the tens digit of 827473?
7
What is the hundreds digit of 2410369?
3
What is the tens digit of 154671?
7
What is the thousands digit of 409584?
9
What is the thousands digit of 2688057?
8
What is the ten millions digit of 20905140?
2
What is the units digit of 137200?
0
What is the tens digit of 46151?
5
What is the tens digit of 19654879?
7
What is the thousands digit of 1111310?
1
What is the hundreds digit of 361000?
0
What is the ten thousands digit of 3447640?
4
What is the hundred thousands digit of 4752952?
7
What is the hundreds digit of 1324106?
1
What is the u